divided by 10.
8
Let u = -56 - -97. Let r = u - 20. Suppose -g - 40 = -79. What is the remainder when g is divided by r?
18
Suppose -230*u = -226*u - 5000. Suppose 23*k - 360 - u = 0. What is the remainder when 348 is divided by k?
68
Suppose 0 = 5*b + 2*s - 156, -4*s - 164 = 18*b - 22*b. Calculate the remainder when 2389 is divided by b.
9
Let i = -6098 - -6119. Let l = 9 - 6. Suppose l*x - 5*u = 145, -x + 135 = 2*x - 3*u. What is the remainder when x is divided by i?
19
Let g(w) = -1233*w - 4903. What is the remainder when g(-4) is divided by (3/(-6))/(2/(-40))?
9
Let d(j) = -424*j + 17. Let r be d(-1). Calculate the remainder when 342 is divided by (-1)/(-1 - (-432)/r).
48
Suppose 3*s - 59 = 2*o, -2*s - 314 = 4*o - 412. Let t(y) = 3*y**2 - 2*y - 4. Calculate the remainder when t(-4) is divided by s.
25
Suppose -5*z - 54*l = -56*l - 4463, 0 = 3*z + 2*l - 2697. Calculate the remainder when z is divided by 326.
243
Let t(n) = n**3 + 45*n**2 + 173*n - 144. Calculate the remainder when t(-25) is divided by 251.
250
Suppose 8*d = 4*m + 484, d - 14*m = -11*m + 48. Calculate the remainder when d is divided by 121/4 - (-2)/(-8).
3
Let z = 39 - 39. Suppose z = p + 3*p - 160. Let i = 49 - p. What is the remainder when 17 is divided by i?
8
Let f(i) = 81 + i + 9*i - 11*i - 10*i. Let y(d) = d**3 + 6*d**2 - d - 5. What is the remainder when f(7) is divided by y(-6)?
0
Let y(t) = 36*t**2 - 109*t - 72. Calculate the remainder when y(15) is divided by 164.
161
Let n = 23 + 8. Suppose 3*l = 4*z + 36, 0 = -l + z + 2*z + 7. What is the remainder when n is divided by l?
15
Let p = 26 - 14. Let t = -6202 + 6260. What is the remainder when t is divided by p/(-3) - -2 - -15?
6
Suppose -19*b + 1762 = -461. Suppose -3*i = -b - 72. Calculate the remainder when 122 is divided by i.
59
Suppose 0 = 2*s + 2*f, 3*s - f = 2 - 14. Let g = s + 8. What is the remainder when (1 - 4/(-2))/(75/200) is divided by g?
3
Suppose -146 + 26 = -2*j. Suppose -c = 6*c - 406. Let f = j - c. Calculate the remainder when 8 is divided by f.
0
Let i(v) = 8*v**2 - 30*v - 28. Let c = 282 - -45. What is the remainder when c is divided by i(-1)?
7
What is the remainder when 2/(-4)*((-171501)/44 - 5/20) is divided by 93?
89
Suppose 1732 - 4 = -6*p. Let v = p - -301. Calculate the remainder when 23 is divided by v.
10
Let q(v) be the first derivative of 9*v**2 + 8 + 8*v**2 - 8*v - 11*v**2. What is the remainder when 112 is divided by q(4)?
32
Let w(q) = 11*q + 18. Let b be w(-1). Suppose 5 = -5*v + 5*a, -5*a + 21 = b*v - 8*v. Let o = -1 - -5. What is the remainder when o is divided by v?
0
Let h(f) = -f**3 - 9*f**2 + 29*f - 15. Calculate the remainder when 548 is divided by h(-12).
65
Let f = -5019 - -5129. Calculate the remainder when 350 is divided by f.
20
Let j(n) = -n**2 + 10*n - 6. Let i(c) = 16*c + 4. What is the remainder when i(3) is divided by j(5)?
14
Suppose -29506 = -31*p + 21396. What is the remainder when p is divided by 36?
22
Let b be 427 + (-10 - 10*6/(-12)). Suppose n - 396 = 5*p + 26, n - b = -p. What is the remainder when n is divided by 47?
46
Let c(l) = -10*l**2 - 608*l - 135. What is the remainder when c(-60) is divided by 342?
3
Let r(p) = 2*p**3 + 40*p**2 + 8*p - 31. Let f be r(-19). Suppose 10*b - f = -89. Let a = b + -33. What is the remainder when 20 is divided by a?
8
Let h be ((-1136)/(-28))/4 + 2/(-14). Calculate the remainder when 77 is divided by h/(-6)*(1 + -4).
2
Let o(i) = 45*i + 2699. Calculate the remainder when o(-59) is divided by 117/(-6)*2/(-3).
5
Let t(c) = 3*c**2 + 7*c - 14. Let q be t(2). Let o = 35 + q. What is the remainder when o is divided by (-27)/(-6)*8/3?
11
Let r(v) = -v**3 - 63*v**2 - 60*v + 146. Calculate the remainder when 800 is divided by r(-62).
8
Let v = -584 + 589. Suppose 0 = -t + v*b + 7, 2*b = -7*t + 9*t - 22. Calculate the remainder when 346 is divided by t.
10
Suppose -6*m + 1 = -17. Suppose -205 = -m*y + 182. Calculate the remainder when 3/12 + 5/(-20) + y is divided by 33.
30
Let l(z) = 29*z**2 - 7*z**2 + z**3 - z + 0*z**3 - 27 - 2. Let w be l(-22). What is the remainder when (-5)/(15/21)*w is divided by 26?
23
Let g(b) = b**3 + 15*b**2 - b + 3. Let y be g(-15). Suppose 2*x + 3*a = y, -4*a + 2*a = -8. Calculate the remainder when 6 is divided by (-2)/(-3) + 7/x.
0
Let p(d) = -8*d**2 - 35*d + 31. Calculate the remainder when 173 is divided by p(-5).
5
Suppose 3*f - 150 - 3 = 4*x, 4*f - 204 = -3*x. Suppose 16 = 4*t, -780 = -5*c - 5*t - 0*t. Calculate the remainder when c is divided by f.
50
What is the remainder when 1080 is divided by (1 - -46)/(2 + -1)?
46
Let s = -3627 + 3683. Calculate the remainder when 407 is divided by s.
15
Let d = -66 - -91. Let u = 196 + -191. Calculate the remainder when d is divided by u.
0
Let q(y) = 6*y - 76. Let g be q(-16). Let x = -169 - g. Calculate the remainder when 4 is divided by x.
1
Let f = 4525 - 4411. Calculate the remainder when f is divided by 22.
4
Suppose 3*s = -5*o + 91, -4*o - 25 - 107 = -4*s. What is the remainder when 77 is divided by s?
13
Suppose 0 = -w - 4*x - 48, x = 3*w + 4*x + 126. Suppose 0 = -q + 156 - 27. Calculate the remainder when q is divided by (-1328)/w - 2/10.
30
Let l(x) = -2*x**2 + 229*x + 1390. Calculate the remainder when l(113) is divided by 341.
24
Let x(k) = -2061*k - 16479. What is the remainder when 377 is divided by x(-8)?
8
Let p(u) be the second derivative of -1/12*u**4 + 9/20*u**5 + 5/6*u**3 - 12*u + 0*u**2 + 0. What is the remainder when p(2) is divided by 20?
18
Let l = 42501 + -41543. Calculate the remainder when l is divided by 295.
73
Suppose 76 = j + 3*q, 12*j = 16*j - 3*q - 409. What is the remainder when 197 is divided by j?
3
Let k(l) = 3*l**3 - 5*l**2 + 6*l + 7. Let x be k(5). Suppose 5*v = x - 62. Calculate the remainder when 172 is divided by v.
37
Let v(d) = d**3 - 20*d**2 + 6*d + 68. What is the remainder when v(22) is divided by 65?
63
Let p(v) = 3431*v - 41140. Let l(o) = 14*o**2 - 4*o - 1. What is the remainder when l(4) is divided by p(12)?
15
Let z(h) = h**3 - 76*h**2 - 103*h + 2048. Let s(n) = -132*n**3 - 2*n**2 - 2*n - 1. What is the remainder when s(-1) is divided by z(77)?
39
Suppose 15*f - 37 = 38. Suppose -3*h = 2*l - 128, -f*h = -3*l - 97 - 110. What is the remainder when 108 is divided by h?
24
Suppose -135 = -4*y + 2*k + 15, -4*y + k = -147. Suppose -6*w = -3*w. Let v(n) = -n + 10. Calculate the remainder when y is divided by v(w).
6
Let r(h) be the first derivative of h**2/2 + 20*h - 76. Calculate the remainder when 56 is divided by r(-2).
2
Let c = -109 + 109. Suppose c = 4*z + 2*a - 86, 2*a + 0*a = -z + 20. Suppose 151 = -s + 2*s. What is the remainder when s is divided by z?
19
Suppose -3*k - 265*k = -54672. Calculate the remainder when 2240 is divided by k.
200
Suppose -2*o - 4*o = -192. Suppose 4*j - 48 = -o. What is the remainder when 7 is divided by j?
3
Calculate the remainder when (1 - 11)/((-278)/5143) is divided by 24.
17
Calculate the remainder when (1/(-2) - 0)/(20/(-10760)) is divided by (11 - 5 - 0)/(6/15).
14
Let l = -2418 - -2567. Calculate the remainder when 738 is divided by l.
142
Let z(v) = -2*v + 13. Let j be z(5). Suppose -55 - 41 = -j*x. Let h(a) = a**3 + 11*a**2 + 10*a + 18. Calculate the remainder when x is divided by h(-10).
14
Suppose -4*w + 3*n + 16454 = 0, -8*w + 12*w - 16448 = 2*n. What is the remainder when w is divided by 6?
5
Let c(b) = b**2 - 3*b + 8. Let u = 8 - 4. Let w be c(u). Suppose 59 = w*z - 37. Calculate the remainder when 15 is divided by z.
7
What is the remainder when 166 is divided by 99/18*58/11?
21
Let o(t) = 5*t - 2. Suppose 6*i = 494 + 316. Let j = i + -128. What is the remainder when o(5) is divided by j?
2
Let m(i) = 2*i**2 + 5*i - 7. Let s be m(4). Let l = 22 - s. Let n = l - -33. Calculate the remainder when 28 is divided by n.
8
Let o = 6991 - 6986. Calculate the remainder when 125 is divided by o.
0
Let v(l) = l**3 - 5*l**2 - 13*l + 30. Calculate the remainder when v(10) is divided by 27.
22
Let v(i) = 3*i - 4. Let c be v(4). Let m(l) = -22 + 3 + 6 + l + 5 + 5. Calculate the remainder when 18 is divided by m(c).
3
Let x(v) = -v**3 + 24*v**2 + 117*v - 1669. Calculate the remainder when (49/(-2))/((-2)/8) is divided by x(26).
14
Suppose 119*u - 2826368 = -503*u. Cal